t g(z) = -542*z - 2735. Give g(-5).
-25
Let k(x) = x**3 - 36*x**2 + 128*x - 1. Calculate k(6).
-313
Let d(h) = -h**2 + 607*h - 8846. Determine d(15).
34
Let v(c) = -8*c**2 + 93*c + 181. What is v(-2)?
-37
Let c(p) = -p**3 + 16*p**2 - 3*p + 45. Determine c(16).
-3
Let l(n) = n**3 - 27*n**2 - 54*n - 77. Calculate l(29).
39
Let k(d) = 2*d**2 - 311. Determine k(13).
27
Let m(x) = -389*x + 13602. Give m(35).
-13
Let g(n) = 95*n + 106. What is g(-3)?
-179
Let h(y) = -y**2 - 26*y - 146. Give h(-9).
7
Let s(r) = -3*r**2 - 162*r + 53. What is s(-52)?
365
Let l(k) = 1231*k - 1232. What is l(1)?
-1
Let i(v) = 88*v - 1065. Determine i(12).
-9
Let v(t) = -3*t**3 + 41*t**2 - 29*t + 11. Determine v(13).
-28
Let s(a) = -2*a**3 - 12*a**2 - 8*a - 50. Calculate s(-7).
104
Let w(p) = p**3 - 11*p**2 + 30*p - 2. Give w(3).
16
Let f(y) = -2*y**2 + 25*y - 57. Give f(12).
-45
Let x(s) = 6*s**2 + 108*s - 4. Calculate x(-18).
-4
Let v(t) = -5*t**2 - t + 20. Give v(-6).
-154
Let m(c) = c + 11. Give m(-1).
10
Let o(s) = 2785*s - 2778. Give o(1).
7
Let u(o) = 211*o**2 - 1. Give u(-1).
210
Let i(h) = 5*h**2 + 27*h + 54. Give i(-2).
20
Let z(q) = -q**3 + 18*q**2 - 14*q - 147. Determine z(17).
-96
Let x(f) = 672*f + 10066. What is x(-15)?
-14
Let c(i) = -i**3 - 25*i**2 - 114*i + 21. Give c(-6).
21
Let l(v) = 14*v**2 + 2*v - 1. Calculate l(-4).
215
Let d(y) = y**2 - 227*y - 21157. Give d(-71).
1
Let c(o) = 64*o + 342. Calculate c(-4).
86
Let l(q) = 63*q**2 - 237*q - 1. What is l(4)?
59
Let q(z) = z**2 - 30*z - 1459. Determine q(56).
-3
Let l(f) = f**2 - 189*f + 8623. Calculate l(112).
-1
Let v(f) = f**3 + 4*f**2 - 19*f + 66. What is v(-8)?
-38
Let k(h) = h - 64. Give k(17).
-47
Let i(k) = 682*k - 2691. Determine i(4).
37
Let y(u) = u**3 + 30*u**2 - 99*u - 2. Calculate y(-33).
-2
Let x(q) = q**3 - 15*q**2 + 27*q - 45. Give x(9).
-288
Let s(g) = -g**3 + 372*g**2 - 23361*g + 296. Calculate s(292).
4
Let r(f) = -f**3 + 38*f**2 - 192*f - 14. Determine r(32).
-14
Let j(t) = -3*t**3 - t - 14. Calculate j(0).
-14
Let m(c) = 17*c**2 - 104*c + 23. What is m(6)?
11
Let b(a) = a**3 + 87*a**2 - 43*a + 3943. Calculate b(-88).
-17
Let n(l) = -l**2 + 27*l - 125. Calculate n(5).
-15
Let k(q) = -6*q - 258. Give k(-28).
-90
Let l(t) = 11*t + 55. Calculate l(8).
143
Let d(u) = -u**3 + 14*u**2 + 33*u - 60. Calculate d(16).
-44
Let w(k) = 30*k + 767. Calculate w(-28).
-73
Let d(h) = 12*h + 14. Calculate d(6).
86
Let w(k) = -5*k**2 + 7*k + 26. Determine w(-3).
-40
Let k(v) = 119*v - 1551. What is k(13)?
-4
Let m(d) = d**2 + 14*d - 275. What is m(-19)?
-180
Let f(o) = 5*o**2 - 189*o + 103. Calculate f(37).
-45
Let g(o) = 12*o + 65. Determine g(6).
137
Let k(h) = -231*h - 5080. Calculate k(-22).
2
Let t(r) = -385*r + 349. What is t(1)?
-36
Let m(f) = -2*f**2 + 52*f - 289. Calculate m(18).
-1
Let v(z) = -35*z + 20. Calculate v(3).
-85
Let z(a) = 9*a**2 - 232*a - 34. Determine z(26).
18
Let i(t) = t**2 - 179*t - 361. Determine i(-2).
1
Let g(y) = -44*y - 385. Determine g(-9).
11
Let h(s) = -9*s**2 - 88*s - 71. Calculate h(-8).
57
Let u(m) = 48*m + 122. Give u(-5).
-118
Let w(u) = 11*u - 429. What is w(-6)?
-495
Let v(p) = 7*p**3 - 2*p**2 - 3*p. What is v(-2)?
-58
Let x(r) = r**2 - 114*r + 3224. Give x(59).
-21
Let m(s) = -s**3 - 15*s**2 - 31*s - 39. What is m(-10)?
-229
Let m(l) = -9*l + 779. Determine m(-12).
887
Let r(v) = 12*v - 653. What is r(44)?
-125
Let g(l) = -5*l**3 - 2*l + 2. Calculate g(3).
-139
Let o(j) = -457*j + 914. Calculate o(2).
0
Let q(c) = -4*c**3 - 3*c**2 - 30*c + 267. Calculate q(6).
-885
Let h(s) = -s**2 + 148*s + 2432. Give h(-15).
-13
Let x(z) = 168*z + 352. Determine x(-2).
16
Let s(g) = 4*g**2 - 102*g + 46. What is s(26)?
98
Let c(o) = o**2 - 20*o - 102. Determine c(-8).
122
Let g(j) = -19*j - 3. Determine g(-3).
54
Let m(h) = 5*h**2 + 47*h - 37. Calculate m(-10).
-7
Let v(s) = s**3 + 10*s**2 + 89*s + 1112. Give v(-11).
12
Let g(i) = -i**3 - 64*i**2 - 656*i + 76. What is g(-13)?
-15
Let u(o) = o**3 - 80*o**2 + 1008*o + 53. Calculate u(16).
-203
Let k(n) = -3*n**2 + 82*n + 200. What is k(31)?
-141
Let g(b) = 2*b**2 + 11*b + 4. What is g(12)?
424
Let r(g) = 681*g + 211786. Calculate r(-311).
-5
Let v(r) = 3*r**2 - 523*r - 4749. Calculate v(183).
9
Let y(o) = 6*o - 38. Determine y(-3).
-56
Let c(a) = 30*a + 1971. Determine c(-69).
-99
Let q(j) = j**3 - 24*j**2 + 20*j + 76. Determine q(23).
7
Let f(j) = 329*j - 10850. Calculate f(33).
7
Let r(p) = -506*p + 4084. What is r(8)?
36
Let a(r) = 3*r**2 + 29*r + 67. What is a(-8)?
27
Let t(n) = 22*n - 156. What is t(7)?
-2
Let y(z) = -2*z**3 + 100*z**2 - 190*z - 95. Calculate y(48).
1
Let q(s) = 2*s**3 + 17*s**2 + 11*s - 37. Calculate q(-7).
33
Let r(w) = -w**2 - 95*w + 15557. What is r(86)?
-9
Let g(t) = 2*t**2 - 49*t + 292. Calculate g(13).
-7
Let u(l) = -2*l**2 - 3*l + 160. Calculate u(11).
-115
Let s(r) = -r**3 + 39*r**2 - 7*r - 1178. What is s(38)?
0
Let y(v) = 2*v**3 + 20*v**2 + 35*v - 42. What is y(-7)?
7
Let s(g) = g**3 - 3*g**2 - 30*g + 7. Give s(-4).
15
Let z(s) = -4*s**3 + 140*s**2 + 3*s - 101. Determine z(35).
4
Let p(n) = 14650*n - 43946. Determine p(3).
4
Let w(v) = -v**3 + v**2 + 7*v + 388. What is w(0)?
388
Let f(z) = 11*z**2 + 890*z - 62. Calculate f(-81).
19
Let p(h) = -17*h**3 + 8*h**2 - 24*h + 18. What is p(1)?
-15
Let h(i) = 2*i**2 + 79*i - 3372. Determine h(-65).
-57
Let o(j) = j**2 + 59*j - 166. Give o(-45).
-796
Let z(m) = -2*m**3 - 61*m**2 - 32*m - 46. Give z(-30).
14
Let r(k) = k**3 - 6*k**2 + 3*k - 11. Calculate r(6).
7
Let c(d) = -9*d + 50. What is c(5)?
5
Let z(l) = -7728*l + 85000. Determine z(11).
-8
Let n(x) = -x**3 - 15*x**2 - 9*x - 1. Calculate n(-14).
-71
Let r(k) = -8*k**2 - 72*k - 49. Determine r(-7).
63
Let m(v) = -2*v**2 - 44*v - 290. What is m(-17)?
-120
Let o(c) = 91*c + 22. What is o(-1)?
-69
Let c(f) = -469*f - 6103. What is c(-13)?
-6
Let h(q) = -q**2 + 400*q - 1568. Determine h(4).
16
Let j(k) = k**2 + 201*k + 3287. Determine j(-183).
-7
Let b(z) = -z**2 + 49*z - 440. Calculate b(44).
-220
Let o(a) = -3*a**3 - 33*a**2 + 243*a - 21. Determine o(5).
-6
Let p(d) = d**3 + 9*d**2 + 22*d + 151. Give p(-6).
127
Let w(k) = 98*k**3 - 3*k**2 + k. Calculate w(1).
96
Let p(u) = -4*u**2 + 64*u - 138. Give p(13).
18
Let g(r) = r**2 + 307*r + 6514. What is g(-284)?
-18
Let v(u) = u**3 + 13*u**2 + 25*u + 150. What is v(-12)?
-6
Let p(t) = 125*t**2 - 748*t - 20. What is p(6)?
-8
Let o(f) = 32*f + 216. What is o(-11)?
-136
Let q(y) = -y**2 + 35*y - 300. Give q(20).
0
Let a(s) = 37*s**3 - 222*s**2 + 4*s - 43. Give a(6).
-19
Let g(n) = -3*n**2 + 50*n + 130. Give g(25).
-495
Let x(i) = 9*i**2 + 18*i + 39. What is x(-6)?
255
Let i(a) = 326*a + 93581. Give i(-287).
19
Let i(v) = -6*v**2 - 2*v + 31. Give i(5).
-129
Let x(l) = 2*l**2 - 262*l - 277. Determine x(131).
-277
Let h(j) = 9*j**2 - 17*j + 45. Determine h(3).
75
Let z(y) = y**2 + 4*y - 454. What is z(-16)?
-262
Let g(n) = 10*n - 238. What is g(20)?
-38
Let d(s) = -116*s + 1026. What is d(9)?
-18
Let f(c) = -c**3 - 5*c**2 - 54. Calculate f(0).
-54
Let v(c) = -2*c**2 + 41*c - 585. Give v(19).
-528
Let j(m) = -m**3 - 2*m**2 - 20*m - 179. Calculate j(-6).
85
Let h(w) = -w**3 + 57*w**2 - 383*w - 442. Give h(49).
-1
Let b(v) = v**3 - 8*v**2 - 97*v + 126. What is b(-7)?
70
Let m(k) = -3*k**3 + 13*k**2 - 13*k + 19. Determine m(5).
-96
Let w(u) = -5*u - 33. Determine w(17).
-118
Let v(g) = -g**3 - 107*g**2 - 614*g - 808. Calculate v(-101).
0
Let b(q) = -2*q**2 + 113*q + 677. Determine b(62).
-5
Let k(h) = -h**3 + 53*h**2 + 160*h + 77. Calculate k(56).
-371
Let l(t) = -377*t - 1944. Determine l(-5).
-59
Let y(o) = -656*o - 17706. Calculate y(-27).
6
Let x(r) = -375*r - 1512. Calculate x(-4).
-12
Let h(x) = 2*x**2 + 565*x - 2274. Determine h(4).
18
Let v(i) = -i**2 - 14*i + 39. What is v(-10)?
79
Let g(a) = a**3 + 69*a**2 + 248*a - 49. Give g(-4).
-1
Let v(f) = -f**3 + 18*f**2 - 96*f + 11. Calculate v(10).
-149
Let s(x) = -x**3 - 23*x**2 + 23*x + 8. Give s(-24).
32
Let j(o) = 33*o + 553. Calculate j(-20).
-107
Let z(q) = -q**2 + 31*q - 53. Give z(19).
175
Let s(p) = -p**2 - 12*p + 127. What is s(-22)?
-93
Let n(u) = -1072*u - 2101. Determine n(-2).
43
Let z(s) = s**3 + 14*s**2 + 4*s + 57. What is z(-10)?
417
Let c(k) = k**3 + 34*k**2 - 70*k + 246. What is c(-36)?
17